omposite number?
False
Let s(b) = b**3 - 11*b**2 + 5*b + 2. Let n be s(5). Is (n/(-9) + 4)*21 prime?
False
Suppose -17004 = -4*z - 5*s + 42872, -4*z = -2*s - 59876. Is z a prime number?
True
Let i = -44 - -964. Suppose 8524 = 12*d - i. Is d a composite number?
False
Let q(d) = -7 + 12 - 3*d - 15*d. Is q(-17) a prime number?
True
Let s(w) = 3*w**2 - 6*w + 3. Let u be s(2). Suppose -4*h + 75 = u*y, 2*y = -3*h - y + 57. Is 3/h + 1124/24 a composite number?
False
Suppose -k + j = 1, 5*k - 2*j + 0*j = -2. Is (-3 - -4 - k)*1901 prime?
True
Let i be 4/24 - 136/(-48). Let o = -737 - -1229. Suppose i*a - o = -a. Is a prime?
False
Let x(v) = 14*v**2 - 34*v - 17. Is x(-15) a prime number?
True
Let v = 9 + -2. Suppose -19122 = -v*n - 2357. Is n a composite number?
True
Let m(p) = -p**3 - p**2 + 5*p + 9. Let s be m(-2). Suppose -s*w - 2707 = -4*q, q = -q - w + 1341. Is q a composite number?
False
Suppose 3*o - 4287 = 2*l + 2*o, 5*l + 10734 = -3*o. Let q be (-9134)/6 - (-1)/3. Let d = q - l. Is d a composite number?
True
Suppose 1162 + 4576 = y. Let c be y/(-10) - (-3)/(-15). Let w = -243 - c. Is w composite?
False
Let f(l) = -24*l**2 - 2*l - 1. Let c be f(1). Is (-18764)/(-36) - 0 - (-6)/c composite?
False
Let y be 5/(5/(-1)) + 50. Is (-14)/y + (-3495)/(-7) a composite number?
False
Suppose -5*l = 3*y - 55, -5*y + 8 = -4*l - 22. Let q(c) = 23 - 5*c + 31*c + y*c. Is q(11) a prime number?
True
Let t(y) = -4*y**2 + 9*y + 7. Let n(o) = -7*o**2 + 17*o + 14. Let d(g) = 3*n(g) - 5*t(g). Let p be d(7). Suppose -k + 127 + 2 = p. Is k a composite number?
True
Suppose 6*g = 2*g - 40. Let m = 15 + g. Suppose -m*z + 2320 = 5*n, -3*z + 3*n + 467 = -955. Is z a composite number?
True
Let w(p) = 2*p - 1 + 12 + 3 + p. Let o(c) = c**2 + 2*c + 13. Let x(s) = 7*o(s) - 6*w(s). Is x(-8) a prime number?
True
Let b = 748 - -1414. Let v = b + 1553. Is v a composite number?
True
Suppose -2*i - 715 = -m, 2*i = 4*m + 7*i - 2886. Is m prime?
True
Let r = 27 - 29. Is (1855 + 3 + 0)*(-7)/r a composite number?
True
Let u(c) = -5678*c - 39. Is u(-1) composite?
False
Suppose -9*c + 209 = -8*c. Let i = 564 - c. Is i composite?
True
Let l(i) = 691*i - 7. Let u be l(3). Suppose 4*t + 0*w - 5*w - u = 0, 0 = -3*t - 5*w + 1532. Is t composite?
True
Suppose 132266 = 15*u - 38869. Is u a prime number?
False
Suppose -2*m - m = 330. Is ((-134)/4)/(5/m) a composite number?
True
Let l = -1879 - -3042. Is l prime?
True
Let h be (10 + 2 + -2)*(-1)/(-2). Suppose -30 = -v + 2*u, -161 = -5*v - u - 0*u. Suppose -s + v = -h. Is s a composite number?
False
Let p be (-25)/(-5)*(-76)/10. Let s = 17 - p. Is s a composite number?
True
Let o(v) be the second derivative of -v**5/20 + 13*v**4/12 - 5*v**3/6 - 17*v**2/2 - 4*v. Is o(12) a prime number?
True
Let c(v) be the third derivative of -3/20*v**5 + 7*v**2 - 1/24*v**4 + 0*v - 5/6*v**3 - 1/15*v**6 + 0. Is c(-6) prime?
False
Suppose 5*b - 17 = -7. Suppose 4*f + 0*o - 539 = -o, 0 = 2*f + 3*o - 277. Suppose b*u - 217 = -r, -r + 80 = u - f. Is r a prime number?
True
Suppose -155 = 3*t - 2*n, 0 = t - 5*n - 2 + 58. Let i = -17 - t. Is 10897/i*(0 + 2) a prime number?
True
Suppose -4*k - 1291 = 4601. Let y = -1030 - k. Is y composite?
False
Let s(g) = g**2 - 3*g - 4. Let v be s(4). Suppose -3*k + 2*d + 286 + 85 = v, 4*k + 3*d - 523 = 0. Is k a prime number?
True
Let t = 1577 - 34. Is t composite?
False
Is (-1)/(4*4/(-686768)) prime?
True
Let o be (-30)/(-6)*(0 + 12). Suppose -o = -4*j - 8. Let s(u) = 8*u - 7. Is s(j) a composite number?
False
Suppose 2*c - 26 - 32 = 0. Suppose 0 = -2*v - n + 65, -3*v + 4*n = -4*v + c. Is v a prime number?
False
Suppose 13*u = -10*u + 65113. Is u prime?
False
Let h = 393 - 73. Let g = 555 - h. Is (1 - (-9)/(-15))*g composite?
True
Let d(z) = 8*z**3 - 7*z**2 - 5*z - 79. Is d(13) a composite number?
False
Suppose 4*l + 5*m - 3329 = 0, m - 5*m - 2489 = -3*l. Let x = -425 + l. Suppose 81 - x = -5*u. Is u a composite number?
True
Suppose 43*c - 28*c - 59685 = 0. Is c a prime number?
False
Suppose -1 = 2*j - 3*j - 2*f, 0 = 4*f + 8. Let r(o) = 18*o + 1. Let n be r(3). Is (-38)/j*n/(-22) prime?
True
Let r(i) be the first derivative of i**5/6 - i**4/12 - i**3/6 - 3*i**2 + 10. Let t(q) be the second derivative of r(q). Is t(-5) prime?
False
Let v(m) = 46*m**2 + 41*m - 427. Is v(10) composite?
False
Suppose -100 + 20 = -5*t. Suppose 5*s - 9 = t. Suppose -h - 23 = s*r, 0*h + 2*h + 5*r = -21. Is h composite?
False
Is (34739/(-6))/(12/(-72) - 0) a composite number?
False
Suppose -3*d - 4 = -10. Let r = d - 0. Suppose r*a - 23 - 15 = 0. Is a a prime number?
True
Suppose -10*t = -69761 - 30069. Is t a prime number?
False
Let a be (7/(-1))/((-6)/30). Let k = 30 + a. Is k a composite number?
True
Suppose -2*d - 3304 + 19122 = 4*z, 39497 = 5*d - 2*z. Is d composite?
False
Suppose 8*d - 20620 = 57084. Is d a composite number?
True
Let c(x) = -x - 5. Let z(w) = 1. Let f(n) = c(n) + 3*z(n). Let r be f(1). Is (-1)/r - (-532)/6 a prime number?
True
Suppose -50 - 4093 = -3*m. Is m prime?
True
Let n(d) be the third derivative of 55*d**4/24 - 13*d**3/6 - 100*d**2. Let x = 13 - 7. Is n(x) composite?
False
Let r(h) = h**3 + 3*h**2 - 5*h - 1. Let b(x) = -x - 7. Let u be b(-3). Let a be r(u). Suppose -a*s = -17 - 130. Is s a composite number?
True
Let w = 9989 - 4490. Suppose -10*d + 15909 = w. Is d prime?
False
Let m = 4 - 2. Suppose -7*t = -t - t. Is (-47)/((-2 + t)/m) a composite number?
False
Is 11057 - -8 - (1 - 1) a prime number?
False
Is ((-3885)/315)/((-1)/123) composite?
True
Let j(b) = -10*b**3 - 38*b**2 - 18*b - 59. Is j(-20) composite?
False
Suppose -111 = -p + 3*x - 6*x, p - 3*x - 117 = 0. Suppose p*i - 109*i - 4535 = 0. Is i composite?
False
Let j(k) = 291*k**3 - 6*k**2 + 4*k + 2. Is j(3) a prime number?
True
Suppose -27015 = -48*u + 45*u. Is u a composite number?
True
Let x(d) = 3311*d**2 - 11*d - 1. Is x(1) composite?
False
Let m(l) = -34*l**2 + 22*l - 4. Let r(j) = j**2 - 2*j + 1. Let u(p) = -m(p) + 5*r(p). Is u(8) prime?
False
Let o(p) = 11*p**3 + 2*p**2 + 5*p - 2. Let f be o(-5). Let k = -646 - f. Is k a prime number?
False
Let g(k) = -146*k + 3. Suppose 5*f - 28 = 2*f - 4*o, 5*o = f + 16. Let l(v) = v + 1. Let x(s) = f*l(s) - g(s). Is x(2) a composite number?
True
Let g(x) = -4*x - 4. Let o be g(-3). Let a = -13 + o. Let n(i) = -3*i**3 + i**2 - i + 2. Is n(a) prime?
False
Let n(s) = 55*s**2 + 10*s - 3. Suppose -3*t = -3*p, 4*p + 2*t - 5 - 19 = 0. Is n(p) a composite number?
True
Let m = -8807 - -20152. Is m a composite number?
True
Suppose 3*p + 3*s + 46 = p, p + 5*s + 30 = 0. Is (-5)/(p/(-164))*-7 prime?
False
Is 2/(-3) + 0 - 2593242/(-162) a composite number?
False
Suppose -18 = 3*f - 165. Suppose -b = -f - 310. Is b a composite number?
False
Let p(r) = -11*r + 335. Is p(-36) prime?
False
Suppose -4*f - 4 = -24. Suppose -3*b - 12 = 0, -f*o = -0*b - 2*b - 2563. Suppose -744 - o = -5*r. Is r a prime number?
True
Suppose 5*g = n + 83, -g = -n + 3*n - 10. Let t = g - -161. Is t a prime number?
False
Let o(m) = 7*m**3 + 6*m**2 - m + 19. Is o(8) a composite number?
True
Let z(w) = -w**3 - w**2 + 2. Let j be z(-2). Suppose -2*n = -3*n - j. Let c(x) = -48*x + 7. Is c(n) a composite number?
True
Let t = 3 + 0. Suppose -4*g - 55 = -5*r, r - t*g = 1 + 10. Is (10/8)/(r/484) composite?
True
Let p = 30 + -20. Let f = -2 + p. Is 6564/f - (-4)/8 prime?
True
Suppose -343216 = -3*r - z, 0 = -709*r + 706*r + 5*z + 343246. Is r prime?
True
Let s be 1*(205*-4 + -3). Let h = -569 - s. Is h prime?
False
Let t be (-5 - -1)*(-1)/2. Let q = -72 + -134. Is ((-4)/4)/(t/q) composite?
False
Suppose -82*m + 590413 = -23*m. Is m a prime number?
True
Suppose -t - t = -r - 266, 4*r - 8 = 0. Suppose -5*x + 80 = 85. Is t/6*(-3)/x prime?
True
Let a = -3306 + -2283. Let g = -3536 - a. Is g a composite number?
False
Is 114/(-102) + 1 - 7742382/(-34) prime?
False
Let f = 4 + -20. Let m = f - -143. Is m prime?
True
Let r = 36 + -35. Is ((-46)/6)/(r/(-21)) a composite number?
True
Let j = -17 - -24. Suppose -2*r - 4*l = 24, r + j = 5*l + 23. Is 163 + 1*0/r composite?
False
Suppose -3*m - o + 278 = -2*o, 0 = -o + 1. Suppose 430 = 4*v - 690. Let l = v + m. Is l composite?
False
Suppose -4*d - 30 = 5*c, 3*c - 2*d + 30 = c. Let v = c - -12. Suppose 20 = 5*h, -v*q - 3*h + 58 = -h. Is q a p